3 - 1 + 78*w**d - 3*w. What is q(-3)?
-1
Let z = 1404 - 1401. Let c(k) = k**2 - 4*k + 2. What is c(z)?
-1
Let t(o) = -3 + 2 - 11*o + 8 + 4. Let d(z) = -5*z + 5. Let l(h) = 13*d(h) - 6*t(h). Suppose -5*y + 2*m + 3*m + 20 = 0, -3*y = -5*m - 20. What is l(y)?
-1
Let n(d) = 7*d**2 - 12*d - 2. Let z be n(1). Let a(x) = x**2 - x + 2. Calculate a(z).
58
Let j(k) = k**2 + 3*k. Suppose -12 = -4*c - 0*c. Suppose 2*u = -b + 4, 3*b + 2*b + c*u = 6. Suppose 5*r - 3*n + 35 = b, r - 8 + 2 = -2*n. Give j(r).
4
Let i(g) = -3 + g + g - 4*g + g**3 + 0*g - 5*g**2. Give i(3).
-27
Suppose 0 = b + 46 + 13. Let j be b/(-7) + (-16)/(-28). Let o(r) = 5 + 4*r - r**2 - j*r - 1. Give o(-3).
10
Let o(g) be the first derivative of -g**5/20 + g**4/8 + 22*g**3/3 - 5. Let i(p) be the third derivative of o(p). Calculate i(2).
-9
Let p = 12 - 35. Let v = p - -22. Let i(n) = -7*n**3 + n + 1. What is i(v)?
7
Suppose -2*f + 15 = 5. Let a(y) = -8*y + 1. Let q(l) = 9*l. Let z(n) = -n**3 - 6*n**2 - 5*n + 6. Let x be z(-5). Let j(d) = x*q(d) + 7*a(d). Determine j(f).
-3
Let x(u) be the third derivative of -u**4/24 - u**3/6 + 4*u**2. Let t be 0 + (-2 - 0/2). Let g be t/(2/3) + -2. Determine x(g).
4
Let q be 3/(9/4)*3. Let v(w) = w**2 + 6*w + 2. Let j = 38 - 40. Let d(x) = -2*x**2 - 7*x - 1. Let c(l) = j*d(l) - 3*v(l). What is c(q)?
-4
Let n(x) = x. Let u be n(-2). Let l(p) be the first derivative of -p**4/12 + p**3/6 + 2*p**2 + 6. Let w(t) be the second derivative of l(t). Determine w(u).
5
Suppose 7*s + 10 = -3*s. Let n(j) = -21*j**2 + 1. Determine n(s).
-20
Let m = -122 + 129. Let f(b) = 2*b - 20. Determine f(m).
-6
Let s(n) be the first derivative of -n**5/20 - 7*n**4/12 + 3*n**2 + 7*n - 3. Let h(t) be the first derivative of s(t). What is h(-7)?
6
Let t(i) be the second derivative of -i**4/12 - 13*i**3/6 - 5*i**2/2 + 62*i. Calculate t(-9).
31
Suppose -13 = 4*s - 17. Let i(u) = s + u + 0 + 4. Let h be (-4)/6*1*6. What is i(h)?
1
Let i(a) = -a**3 + 4*a + 3. Let x(k) = -3*k - 25. Let m(c) = c + 6. Let d(r) = 9*m(r) + 2*x(r). Let p be d(-2). Give i(p).
3
Suppose -2 = -4*t + 54. Let x(n) = -8*n - 3 + t*n - 8*n. Give x(-3).
3
Let g(m) = 346 + 347 - 696 + 18*m. Determine g(2).
33
Let n be (13 + 608/(-48))*-18. Let z(a) be the first derivative of a**3/3 + 3*a**2 + 5*a + 1. Determine z(n).
5
Suppose 2*x + 4 = 28. Let r(y) = -6 - 5 + 0 + x - 12*y. Determine r(1).
-11
Suppose -4*d = -4*h + 108, -2*h - 2*d + d = -48. Let s(m) = -h*m + 5 - 3 + 5 + 24*m. Let b be 2/2*2*4. Give s(b).
-1
Let d(l) = 11*l**3 + 6*l**2 + 4*l + 1. Let p(r) = 20*r**3 + 12*r**2 + 6*r + 1. Let h(i) = 11*d(i) - 6*p(i). Determine h(4).
5
Suppose 3*g = 2*s + 7, 3*g - 2*s = -3*s + 10. Let w(r) be the second derivative of -17/2*r**2 + 0 + g*r - 1/6*r**3. Determine w(0).
-17
Let f(i) be the second derivative of i**5/20 + i**4/4 - i**3/2 + 3*i**2/2 + 17*i + 1. Calculate f(-3).
12
Suppose 0 = -4*p - 5*b + 37, 4*p = -3*b + b + 34. Let w(f) = 13 + f**2 - 13*f + p*f - 6*f. Let m be w(9). Let r(a) = 2*a + 3. Calculate r(m).
-7
Suppose 104*j - 216 = 68*j. Let u(q) = 8*q - 3 - q**2 + 0 + 0*q**2. Calculate u(j).
9
Let l = -15 - -14. Let z = 2 + -2. Let k(d) = 2*d - 3*d + d**3 + z - 1. Determine k(l).
-1
Let v be -5 - ((-104)/(-182) + 22/(-14)). Let k(s) = 4*s**2 + 5*s - 1. Give k(v).
43
Let x(y) = -y**3 + 10*y**2 - 11*y + 9. Let o be x(9). Let g be -1 + -2 + (-2 - -1). Let p be g/o*3*3. Let l(f) = -f**3 + 3*f**2 + 5*f + 1. Determine l(p).
5
Let q = -647/2 + 325. Let z(p) be the second derivative of q*p**2 + 5/6*p**3 - 4*p + 0 + 1/12*p**4. Give z(-3).
-3
Let s(u) = -2*u + 205. Let l(j) = j - 114. Let o(q) = 9*l(q) + 5*s(q). Let x = -3 - -8. Suppose -5*r = f - 8, x*r = -0*f + 5*f - 10. Calculate o(f).
-4
Let h be (-2)/(-8) - (-44)/16. Suppose 3*a = 5*l - 13, -h*l - l + 4*a = -4. Let c(u) = 38*u - 10*u - 16*u + 5*u**2 - 9*u - u**3. Determine c(l).
15
Let w be (-9)/12 - (-55)/20. Let y(g) = 12*g**2 - 3 - 5*g**w + g - 4*g**2 - 4*g**2. Give y(0).
-3
Let x(b) be the third derivative of -b**6/120 - b**5/10 - b**4/24 - b**3/2 + 2*b**2. Let l = 3 - -2. Suppose 3*j + r - 12 = -29, -5 = -l*r. Give x(j).
3
Let v(h) = h + 2. Let t be (3 - 1)/((-4)/(-62)). Suppose -4*z - 3*s + 22 = 0, 5*z + 4*s - 2*s = t. Suppose -z + 2 = k. Determine v(k).
-3
Let v(s) = 3 + 0*s + 8*s + 0 - 6*s**2 + 6*s**2 + 5*s**2. Give v(-3).
24
Let v(o) be the first derivative of 5 - 3/2*o**2 - 2/3*o**3 + 3*o. Let w be (-1)/5 - (-1)/(-5)*14. Calculate v(w).
-6
Let o(l) = -5*l**3 + l**2 - 17*l + 3. Let s(z) = -11*z**3 + z**2 - 30*z + 5. Let j(a) = 7*o(a) - 4*s(a). What is j(-2)?
-61
Let z(a) be the third derivative of -a**6/120 - a**5/10 - a**4/4 - a**3/3 + 17*a**2 - 7*a. Determine z(-5).
3
Let h(w) = -1 + 0 + 182*w + 2 - 94*w - 94*w. Give h(-2).
13
Suppose 20 = -m + 11*m. Let r(w) be the second derivative of w + 5/12*w**4 + 1/20*w**5 + 0 - 5/6*w**3 + 2*w**m. What is r(-6)?
-2
Let o(l) be the first derivative of -1/2*l**2 + 0*l - 18. Calculate o(4).
-4
Let b be 6 + (-18)/4*2/3. Suppose 0*r = b*r + p - 18, -3*r = -3*p - 18. Let d(t) = 2*t. Determine d(r).
12
Let t(l) be the second derivative of l**4/12 - l**3 + 2*l**2 + 8*l. Let a(o) be the second derivative of o**3/6 + 5*o**2 + 3*o. Let p be a(-6). Calculate t(p).
-4
Let k(o) = 2*o - 8. Let b be ((-1 - -1)/(-10))/4. What is k(b)?
-8
Let j = -15 - -11. Let a(s) be the second derivative of 2/3*s**3 - 3*s + 1/12*s**4 - 1/2*s**2 + 0. Calculate a(j).
-1
Let p(w) = -w**3 + 6*w**2 - 6*w + 1. Let k(g) = -36*g + 1. Let n be k(1). Let j = -30 - n. Determine p(j).
-4
Let b(r) = -r + 1. Let q(v) = -7*v + 10. Let m(z) = -z**3 + 11*z**2 + 11*z + 13. Let x be m(12). Let d(p) = x*q(p) - 4*b(p). Determine d(7).
-15
Let r(b) = b**3 - 14*b**2 + 9*b - 16. Let t(z) = -z**3 + 2*z**2 - 2. Let k(i) = -r(i) - 2*t(i). What is k(-11)?
-2
Suppose -7*c + 14 = -0. Let w(b) = -7*b + 2*b + 9 + b**c + b - 12. What is w(5)?
2
Let x(k) = -3*k**3 - 88*k**2 - 31*k - 58. Let m be x(-29). Let t(v) be the third derivative of v**6/120 - 2*v**2. Determine t(m).
0
Let v(o) = -o**2 + 11*o - 11. Suppose 226 - 306 = -10*t. Calculate v(t).
13
Let g(p) = 17*p + 4. Let j(y) = 17*y + 4. Let s(i) = 3*g(i) - 2*j(i). Calculate s(-2).
-30
Let p(r) = r**3 + 3*r**2 - 4*r - 3. Let u be 53/(-17) + (-40)/(-340). Give p(u).
9
Let a(o) = -8*o + o + 1 + 7. Let r(h) = h. Let u(d) = a(d) + 4*r(d). Give u(6).
-10
Let r(f) = f**3 + 3*f**2 - 2*f. Let u be 22/(-8)*(6 + -2). Let o(s) = s**2 - 8*s - 1. Let t be o(7). Let g = u - t. What is r(g)?
6
Let m(n) be the first derivative of n**3/3 - 4*n**2 - 4*n + 207. Give m(9).
5
Let a(j) = -j**3 - 11*j**2 - 11*j + 14. Let l be a(-10). Let y(o) = -3*o - l + o + 23 + 13*o**2. Give y(-1).
14
Let q(h) = -h**2 + 8*h + 2. Let n = -302 - -306. Calculate q(n).
18
Let b(x) = x + 5. Suppose 36 + 54 = 5*n. Suppose 0 = 2*f + n + 10. Let m be f/49 - 38/14. Calculate b(m).
2
Suppose -7*f + 15 = -10*f. Let s(w) = w**2 + 6*w + 1. Give s(f).
-4
Let d(j) = j + 7. Let q be d(-11). Let w be (-3 + -3)*2/q. Let k(h) = 2*h - 2 - w + h**2 + 0*h**2 + 2*h. Calculate k(-5).
0
Let r = -7 - -9. Let j(z) = 9*z**2 - 2*z**r - z**2 + 3*z**2 - 6 + 5*z - 3*z**3. Let g(o) = 2*o**3 - 8*o**2 - 4*o + 5. Let b(n) = 4*g(n) + 3*j(n). Give b(-5).
7
Let d = -1 + 7. Suppose -5*c + 59 = -5*o + 9, -4*c - 3*o = -19. Let g(f) = 6*f - 18. Let u(j) = 4*j - 12. Let k(m) = c*u(m) - 5*g(m). Determine k(d).
-6
Let g(d) = d**3 + 3*d**2 - 6*d - 2. Suppose -2*i - 2 = 6. Let r be g(i). Let h(v) = v**2 - 5*v - 8. What is h(r)?
-2
Let x = -311 - -306. Let t(r) = r**3 + 5*r**2 - 5*r - 5. Determine t(x).
20
Suppose -1 - 5 = u + 4*h, 0 = 2*u + 4*h. Let r(a) = a**2 - 5*a + 2. What is r(u)?
8
Suppose -2*f - 77 - 53 = 5*w, 344 = -5*f - 3*w. Let c be (5 + 0)*(-28)/f. Let d(y) = -y**3 + 3*y**2 - 4*y + 2. Give d(c).
-2
Let b(s) = -7*s**3 + s**2 + s + 1. Let v be b(-1). Let d be 18/v*(-20)/(-15). Let w(c) = -5 + 4*c + 21*c**2 + 0*c**d - 17*c**2 - c**3. Determine w(4).
11
Let j(o) be the first derivative of -o**4/4 - 8*o**3/3 - 7*o**2 - 8*o - 981. Calculate j(-5).
-13
Let x(w) = w**2 - 8 + 7*w + 2 - 6*w**2 - w. Let i(z) = 6*z**2 - 7*z + 6. Let l(c) = 4*i(c) + 5*x(c). Let o(b) be the first derivative of l(b). What is o(2)?
-2
Let u(g) be the third derivative of -g**6/120 - 7*g**5/60 + g**4/24 - 7*g**3/6 + 151*g**2. Determin